{"id":5174,"date":"2024-06-21T21:42:26","date_gmt":"2024-06-21T19:42:26","guid":{"rendered":"https:\/\/lananguyen.com\/wedding\/?post_type=product&#038;p=5174"},"modified":"2026-03-04T12:36:43","modified_gmt":"2026-03-04T11:36:43","slug":"wonder-woman-tulle-dress","status":"publish","type":"product","link":"https:\/\/lananguyen.com\/wedding\/product\/wonder-woman-tulle-dress\/","title":{"rendered":"Wonder Woman tulle dress &#8211; Sample Sale"},"content":{"rendered":"<p>&nbsp;<\/p>\n<p>Ta suknia to model pokazowy w konkretnym rozmiarze i <b>u\u017cywany<\/b> podczas przymiarek z klientkami. Istnieje mo\u017cliwo\u015b\u0107 wykonania poprawek i dopasowania rozmiaru za dodatkow\u0105 op\u0142at\u0105 oraz um\u00f3wienia przymiarki w naszym atelier w Warszawie <a href=\"https:\/\/cal.com\/lananguyen\/sample-sale?overlayCalendar=true\" target=\"_blank\" rel=\"noopener\">tutaj.<\/a><\/p>\n<p>Promocja obowi\u0105zuje tylko do <strong>8.03.2026<\/strong>\u00a0<strong> i nie podlega zwrotowi<\/strong> \/ Przed wysy\u0142k\u0105 suknia zostanie profesjonalnie wyczyszczona chemicznie.<\/p>\n<p>_<\/p>\n<p>Cocktail corset dress<\/p>\n<ul>\n<li>Polka dot tulle fabric<\/li>\n<li>Bare shoulder dress<\/li>\n<\/ul>\n<p>Possibility to sew in a different color<\/p>\n<p>The product is only available as a made-to-measure option. After placing your order, we will contact you and help you measure your body. You can also visit us at the atelier in Warsaw and then Lana or our tailors will measure you personally.<\/p>\n<p>A tailor-made product in accordance with law is not returnable. After receiving the order, corrections within the design are still possible in order to adjust the product to the customer\u2019s figure.<\/p>\n<p>Only prepaid orders will be processed.<\/p>\n","protected":false},"excerpt":{"rendered":"<p>&nbsp; Ta suknia to model pokazowy w konkretnym rozmiarze i u\u017cywany podczas przymiarek z klientkami. Istnieje mo\u017cliwo\u015b\u0107 wykonania poprawek i dopasowania rozmiaru za dodatkow\u0105 op\u0142at\u0105 oraz um\u00f3wienia przymiarki w naszym atelier w Warszawie tutaj. Promocja obowi\u0105zuje tylko do 8.03.2026\u00a0 i nie podlega zwrotowi \/ Przed wysy\u0142k\u0105 suknia zostanie profesjonalnie wyczyszczona chemicznie. _ Cocktail corset dress [&hellip;]<\/p>\n","protected":false},"featured_media":4943,"comment_status":"closed","ping_status":"closed","template":"","meta":{"_acf_changed":false,"_jf_schedule_form":""},"product_cat":[6158,6182,6134,6138,6188,6154,6148,6150,6146,6156,6516,6120,6152],"product_tag":[],"class_list":{"0":"post-5174","1":"product","2":"type-product","3":"status-publish","4":"has-post-thumbnail","6":"product_cat-bachelorette-party","7":"product_cat-beige","8":"product_cat-cocktail-dresses","9":"product_cat-colours","10":"product_cat-dresses","11":"product_cat-engagement-party","12":"product_cat-for-bridesmaids","13":"product_cat-improvements","14":"product_cat-occasions","15":"product_cat-prom","16":"product_cat-sample-sale","17":"product_cat-wedding","18":"product_cat-wedding-receptions","20":"first","21":"instock","22":"sale","23":"taxable","24":"shipping-taxable","25":"purchasable","26":"product-type-variable","swatches":"rey-swatches","show_selected":""},"acf":[],"lang":"en-gb","translations":{"en-gb":5174},"pll_sync_post":[],"_links":{"self":[{"href":"https:\/\/lananguyen.com\/wedding\/wp-json\/wp\/v2\/product\/5174","targetHints":{"allow":["GET"]}}],"collection":[{"href":"https:\/\/lananguyen.com\/wedding\/wp-json\/wp\/v2\/product"}],"about":[{"href":"https:\/\/lananguyen.com\/wedding\/wp-json\/wp\/v2\/types\/product"}],"replies":[{"embeddable":true,"href":"https:\/\/lananguyen.com\/wedding\/wp-json\/wp\/v2\/comments?post=5174"}],"wp:featuredmedia":[{"embeddable":true,"href":"https:\/\/lananguyen.com\/wedding\/wp-json\/wp\/v2\/media\/4943"}],"wp:attachment":[{"href":"https:\/\/lananguyen.com\/wedding\/wp-json\/wp\/v2\/media?parent=5174"}],"wp:term":[{"taxonomy":"product_cat","embeddable":true,"href":"https:\/\/lananguyen.com\/wedding\/wp-json\/wp\/v2\/product_cat?post=5174"},{"taxonomy":"product_tag","embeddable":true,"href":"https:\/\/lananguyen.com\/wedding\/wp-json\/wp\/v2\/product_tag?post=5174"}],"curies":[{"name":"wp","href":"https:\/\/api.w.org\/{rel}","templated":true}]}}